).
-14
Let p(u) = -u**2 - 122*u + 699. Determine p(6).
-69
Let r(w) = -209*w + 650. Calculate r(3).
23
Let i(o) = 3*o**2 + 6*o - 16. What is i(2)?
8
Let m(w) = -3*w**2 - 119*w - 25. Calculate m(-39).
53
Let s(t) = -65*t + 1296. Determine s(20).
-4
Let n(g) = -12*g**2 + 2*g. Determine n(-5).
-310
Let c(v) = -v**2 - 497*v + 1512. Determine c(3).
12
Let p(x) = -x**3 + 8*x**2 - 96*x - 221. Calculate p(-2).
11
Let n(d) = 3392*d - 13546. Determine n(4).
22
Let f(l) = 4*l**2 + 24*l - 657. Calculate f(-15).
-117
Let h(m) = -m**3 - 48*m**2 + 216*m + 12379. Determine h(-47).
18
Let p(l) = 45*l + 279. Determine p(-2).
189
Let g(d) = -4*d + 96. Calculate g(45).
-84
Let p(m) = -m**3 + 9*m**2 - 11*m - 3. Calculate p(11).
-366
Let w(z) = 5*z**2 - 16*z + 6. Calculate w(3).
3
Let y(g) = 19*g - 236. What is y(0)?
-236
Let h(c) = -c**3 - 40*c**2 + 133*c + 93. What is h(-43)?
-79
Let j(w) = 119*w + 4924. Calculate j(-41).
45
Let t(a) = 2*a**3 + 17*a**2 - 402*a + 16. What is t(-19)?
73
Let t(u) = 677*u - 67693. Give t(100).
7
Let w(m) = -7*m - 487. What is w(-49)?
-144
Let b(a) = -20*a + 60. Determine b(8).
-100
Let g(o) = o**2 - 58*o + 316. Calculate g(6).
4
Let z(w) = -w**2 + 43*w - 383. Give z(35).
-103
Let u(t) = 29*t + 512. Determine u(-27).
-271
Let r(l) = -1355*l + 12172. Calculate r(9).
-23
Let i(m) = -434*m - 6087. What is i(-14)?
-11
Let o(y) = 4*y**2 - 158*y - 83. Determine o(40).
-3
Let u(n) = -400*n - 382. Calculate u(-1).
18
Let y(g) = g**3 - 4*g**2 - 25*g + 25. Calculate y(8).
81
Let q(b) = -78*b - 406. What is q(-5)?
-16
Let p(z) = -44*z - 3863. Give p(-89).
53
Let a(s) = 620*s - 27896. What is a(45)?
4
Let y(l) = l**3 + 13*l**2 + 21*l + 35. Calculate y(-8).
187
Let j(l) = -l - 198. Give j(8).
-206
Let f(z) = -z**3 - 9*z**2 + 48*z - 313. Determine f(-14).
-5
Let m(q) = 37*q + 3064. Give m(-82).
30
Let p(m) = 109*m**2 + 1274*m - 416. What is p(-12)?
-8
Let k(g) = -g**3 + 5*g**2 + 33*g - 70. What is k(8)?
2
Let k(t) = 5*t**2 - 51*t + 113. Give k(4).
-11
Let m(g) = -g**3 - 133*g**2 - 1974*g - 220. Give m(-116).
12
Let y(c) = -24*c + 293. Determine y(16).
-91
Let y(n) = n**3 + 109*n**2 + 3. Determine y(-109).
3
Let d(o) = -2*o**2 - 35*o - 16. Calculate d(-17).
1
Let r(k) = -5*k**2 - 4*k - 4. Calculate r(-1).
-5
Let p(a) = -280*a + 21837. Determine p(78).
-3
Let a(l) = -1082*l - 2132. Give a(-2).
32
Let i(h) = h**2 - 272*h + 2870. What is i(11)?
-1
Let l(h) = -16*h**2 + 109*h - 140. Calculate l(5).
5
Let r(z) = -z**3 - 44*z**2 + 127*z + 3721. Give r(-45).
31
Let f(r) = -239*r + 5950. Give f(25).
-25
Let a(g) = -12*g - 49. What is a(-5)?
11
Let x(r) = r**2 - 22*r - 257. Determine x(31).
22
Let y(o) = o**3 + 52*o**2 - 47*o + 336. What is y(-53)?
18
Let g(l) = 4*l**3 + 48*l**2 + 77*l - 6. Determine g(-2).
0
Let o(j) = 58*j + 2722. What is o(-46)?
54
Let v(s) = -295*s**3 + s**2 - 13*s - 16. What is v(-1)?
293
Let r(j) = 342*j + 8204. Determine r(-24).
-4
Let y(d) = -10*d + 47. Give y(14).
-93
Let i(v) = 7*v**2 + 110*v + 60. What is i(-15)?
-15
Let k(i) = 17*i**2 - 20*i - 63. What is k(3)?
30
Let d(k) = -5*k**2 + 142*k - 199. Give d(27).
-10
Let u(y) = y**3 + 21*y**2 + 91*y + 85. Determine u(-16).
-91
Let c(y) = y**3 + 19*y**2 - 48*y - 529. What is c(-20)?
31
Let a(x) = x**3 - 19*x**2 - 533*x - 24. What is a(-16)?
-456
Let j(f) = 3*f**2 + 80*f + 588. Calculate j(-16).
76
Let l(h) = -9*h + 22. Calculate l(53).
-455
Let d(b) = -b**2 + 36*b + 398. What is d(-9)?
-7
Let u(r) = 929*r - 918. Give u(1).
11
Let p(z) = 4*z**3 + 301*z**2 + 72*z - 215. What is p(-75)?
10
Let f(d) = 17*d**3 + 2*d**2 - 23*d - 26. What is f(-1)?
-18
Let w(c) = -49*c**2 - 9*c - 22. Calculate w(-2).
-200
Let n(g) = 12*g - 94. Determine n(15).
86
Let r(a) = -32*a - 1392. Give r(-43).
-16
Let a(t) = -11*t**3 + 72*t**2 + 37*t - 8. Determine a(7).
6
Let f(k) = 1966*k + 21616. What is f(-11)?
-10
Let f(z) = -136*z + 431. Give f(3).
23
Let j(g) = -19*g - 382. Determine j(-40).
378
Let y(r) = 3*r + 38. Calculate y(-41).
-85
Let t(a) = -120*a - 1072. Give t(-9).
8
Let n(z) = -7*z**3 + 65*z**2 - 19*z + 23. Give n(9).
14
Let w(c) = 10*c - 121. Calculate w(23).
109
Let z(i) = 2*i**3 + 2*i**2 - 49*i - 102. What is z(-3)?
9
Let p(d) = -4*d**3 + 7*d**2 + 19*d + 17. What is p(-2)?
39
Let n(w) = 170*w**2 + w - 13. What is n(0)?
-13
Let o(d) = -3*d**3 + 12*d**2 - 4*d + 1. Give o(2).
17
Let g(n) = -14*n**2 + 17*n + 127. Give g(-6).
-479
Let t(k) = 9*k**2 + 6*k - 782. What is t(9)?
1
Let y(z) = -2*z**2 + 160*z - 91. Give y(80).
-91
Let l(f) = 9*f**3 + 6*f**2 + 3*f - 5. Calculate l(-3).
-203
Let r(t) = -15*t**2 - 220*t + 86. What is r(-15)?
11
Let b(n) = 138*n - 448. Determine b(5).
242
Let l(p) = 43*p - 13. Give l(-4).
-185
Let t(h) = -6*h**2 - 286*h - 164. What is t(-47)?
24
Let y(g) = -11*g - 350. Calculate y(-27).
-53
Let x(n) = -n**2 - 26*n - 120. What is x(-11)?
45
Let m(g) = -g**3 + 34*g**2 + 4*g + 82. Give m(34).
218
Let m(l) = -5*l**2 + 238*l - 1342. What is m(41)?
11
Let z(b) = -4*b**2 + 126*b - 68. What is z(31)?
-6
Let d(j) = 111*j - 3744. Determine d(34).
30
Let l(r) = r**3 - 25*r**2 - 19*r + 7. What is l(-1)?
0
Let w(l) = l**3 + 27*l**2 - 23*l + 144. Give w(-28).
4
Let f(z) = 5*z**2 + 354*z - 76. Determine f(-71).
-5
Let z(a) = 332*a**3 - 2*a**2 - a + 2. Calculate z(1).
331
Let l(n) = 124*n + 713. Determine l(-6).
-31
Let g(x) = -2*x - 89. Calculate g(4).
-97
Let y(z) = 3*z**3 + 2*z**2 - 7*z - 18. What is y(-3)?
-60
Let w(m) = 146*m - 18841. Give w(129).
-7
Let u(n) = -61*n + 4886. Calculate u(80).
6
Let l(u) = u**3 + 9*u**2 - 20*u + 1. Calculate l(-10).
101
Let j(b) = -2727*b - 49089. Determine j(-18).
-3
Let l(p) = 2*p**2 + 70*p + 371. What is l(-29)?
23
Let l(w) = 2*w**2 - 210*w - 784. Determine l(109).
88
Let x(k) = -82*k + 570. Calculate x(7).
-4
Let r(t) = 2*t**3 + 68*t**2 + 241*t + 24. Give r(-30).
-6
Let c(t) = t**3 + 20*t**2 + 16*t + 59. Determine c(-20).
-261
Let u(f) = 51*f + 59. Determine u(-5).
-196
Let n(h) = 588*h + 6453. Calculate n(-11).
-15
Let t(x) = -x**2 - 23*x - 107. What is t(-18)?
-17
Let w(c) = c**3 - 11*c**2 + 6*c - 38. Give w(11).
28
Let x(d) = -189*d + 547. Calculate x(3).
-20
Let i(k) = k**3 - 8*k**2 + 7*k - 9. Calculate i(4).
-45
Let f(t) = t**2 + 148*t + 1770. Determine f(-13).
15
Let x(o) = 17*o - 297. Calculate x(26).
145
Let y(a) = a**3 + 10*a**2 + 11*a - 40. Determine y(-8).
0
Let v(a) = -a**2 + 32*a - 193. Give v(16).
63
Let u(p) = 5*p**2 + 56*p + 124. Determine u(-8).
-4
Let j(k) = -1492*k + 101461. What is j(68)?
5
Let m(q) = -q**3 + q + 1. Give m(1).
1
Let q(y) = y**2 - 15*y - 46. What is q(8)?
-102
Let c(j) = 3*j**3 + 26*j**2 - 24*j - 123. Give c(-9).
12
Let l(v) = -206*v - 4527. Determine l(-22).
5
Let x(d) = 268*d - 3757. Determine x(14).
-5
Let h(b) = 6*b**2 + 452*b - 9432. Determine h(17).
-14
Let k(z) = z**2 - 43*z - 361. Determine k(-8).
47
Let v(a) = -12*a**3 - 599*a**2 + 50*a - 45. Calculate v(-50).
-45
Let b(x) = 2*x**2 + 11*x - 61. Calculate b(9).
200
Let s(p) = 131*p + 645. What is s(-5)?
-10
Let b(r) = 2044*r - 12280. Determine b(6).
-16
Let h(w) = w**3 - 22*w**2 + 37. What is h(0)?
37
Let n(s) = -7*s**3 - 3*s + 6. Calculate n(1).
-4
Let a(s) = -18*s + 38. Determine a(18).
-286
Let p(x) = 260*x**2 - 3384*x + 48. Calculate p(13).
-4
Let k(c) = -2*c**3 - 36*c**2 - 60*c + 71. What is k(-16)?
7
Let r(i) = -2*i**2 + 41*i - 30. Calculate r(8).
170
Let i(u) = u**3 - 3*u**2 + 146*u - 430. What is i(3)?
8
Let m(g) = 61*g + 377. Determine m(-7).
-50
Let w(h) = 2*h**2 + 32*h + 17. Give w(-25).
467
Let p(t) = 18*t + 1216. What is p(-71)?
-62
Let d(f) = -3*f**3 - 14*f**2 - 37*f - 7. What is d(-4)?
109
Let u(z) = z**3 + 15*z**2 - 52*z - 1000. Determine u(-13).
14
Let w(f) = f**2 + 8*f - 141. Determine w(-16).
-13
Let l(a) = -a**3 - a**2 + 30*a - 28. Give l(-6).
-28
Let h(b) = 48*b - 84. What is h(-3)?
-228
Let t(m) = m**2 - 143*m + 832. Calculate t(137).
10
Let h(y) = y**3 - 114*y**2 + 2988*y + 55. Give h(41).
-150
Let s(t) = 274*t + 2292. What is s(-9)?
-174
Let c(q) = -81*q + 1047. Give c(10).
237
Let u(l) = 82*l**3 - 2*l**2 - 5*l - 3. Determine u(-1).
-82
Let w(t) = -t**3 - 8*t**2 + 145*t + 1048. Give w(-13).
8
Let g(d) = 82*d + 448. Determine g(-7).
-126
Let o(y) = -2150*y - 96748. What is o(-45)?
2
Let n(y) = -86*y**3 - 2*y**2 + 2. What is n(-1)?
86